{"id":112,"date":"2025-06-13T12:49:38","date_gmt":"2025-06-13T12:49:38","guid":{"rendered":"https:\/\/abx.sn\/?page_id=112"},"modified":"2025-07-02T13:48:32","modified_gmt":"2025-07-02T13:48:32","slug":"audit","status":"publish","type":"page","link":"https:\/\/abx.sn\/index.php\/audit\/","title":{"rendered":"Audit"},"content":{"rendered":"\n<p class=\"has-foreground-color has-text-color has-link-color wp-elements-ba1238313e84d32e61af7a13624464d4\"><\/p>\n\n\n\n<figure class=\"wp-block-table\">\n<table class=\"has-dark-color has-text-color has-link-color\" style=\"height: 1355px; width: 95.6947%; border-color: #f7f5f5; border-style: hidden;\">\n<tbody>\n<tr style=\"height: 23px;\">\n<td style=\"height: 23px; width: 1113.61px;\"><span style=\"color: #ff6600;\"><strong>AUDIT EXTERNE<\/strong><\/span><\/td>\n<td style=\"height: 23px; width: 0px;\">\u00a0<\/td>\n<\/tr>\n<tr style=\"height: 93px;\">\n<td style=\"height: 93px; width: 1113.61px;\">Le pilotage d\u2019une entreprise n\u00e9cessite de s\u2019appuyer sur des donn\u00e9es financi\u00e8res fiables. Cependant, plusieurs types d\u2019audits peuvent \u00eatre men\u00e9s pour contr\u00f4ler la comptabilit\u00e9 de votre soci\u00e9t\u00e9. ABX SARL, votre cabinet d\u2019expertise et de conseil, vous propose ses services en mati\u00e8re d\u2019audit l\u00e9gal et d\u2019audit contractuel.<\/td>\n<td style=\"height: 93px; width: 0px;\">\u00a0<\/td>\n<\/tr>\n<tr style=\"height: 23px;\">\n<td style=\"height: 23px; width: 1113.61px;\"><strong><span style=\"color: #ff6600;\">AUDIT LEGAL<\/span><\/strong><\/td>\n<td style=\"height: 23px; width: 0px;\">\u00a0<\/td>\n<\/tr>\n<tr style=\"height: 93px;\">\n<td style=\"height: 93px; width: 1113.61px;\">La r\u00e9alisation d\u2019un audit l\u00e9gal est une mission qui revient au commissaire aux comptes de la soci\u00e9t\u00e9. Son principal objectif consiste \u00e0 donner son opinion motiv\u00e9e sur la sinc\u00e9rit\u00e9, la r\u00e9gularit\u00e9 et l\u2019image fid\u00e8le des \u00e9tats financiers pr\u00e9par\u00e9s par le service comptabilit\u00e9.<\/td>\n<td style=\"height: 93px; width: 0px;\">\u00a0<\/td>\n<\/tr>\n<tr style=\"height: 210px;\">\n<td style=\"height: 210px; width: 1113.61px;\"><strong>Les objectifs d\u2019un audit l\u00e9gal<\/strong><br \/>Dans le cadre de sa mission, le commissaire aux comptes poursuit plusieurs objectifs lors de son audit l\u00e9gal :<br \/>\n<ul>\n<li>Certifier les comptes annuels et r\u00e9diger les rapports norm\u00e9s qui seront destin\u00e9s aux actionnaires et associ\u00e9s de la soci\u00e9t\u00e9<\/li>\n<li>S\u2019assurer que tous les actionnaires sont trait\u00e9s de fa\u00e7on \u00e9galitaire, ind\u00e9pendamment de leur pourcentage de d\u00e9tention<\/li>\n<li>Alerter les associ\u00e9s et les dirigeants sur de potentielles difficult\u00e9s \u00e0 venir<\/li>\n<li>R\u00e9v\u00e9ler au procureur de la R\u00e9publique d\u2019\u00e9ventuels faits d\u00e9lictueux<\/li>\n<\/ul>\n<\/td>\n<td style=\"height: 210px; width: 0px;\">\u00a0<\/td>\n<\/tr>\n<tr style=\"height: 23px;\">\n<td style=\"height: 23px; width: 1113.61px;\"><strong><span style=\"color: #ff6600;\">AUDIT CONTRACTUEL<\/span><\/strong><\/td>\n<td style=\"height: 23px; width: 0px;\">\u00a0<\/td>\n<\/tr>\n<tr style=\"height: 421px;\">\n<td style=\"height: 421px; width: 1113.61px;\">Contrairement \u00e0 un audit l\u00e9gal, l\u2019audit contractuel\u00a0est une mission ponctuelle dont les termes sont fix\u00e9s librement entre l\u2019entreprise et l\u2019auditeur au sein d\u2019une lettre de mission. Cette intervention vise \u00e0 \u00e9mettre une opinion sur les comptes de la soci\u00e9t\u00e9 lors d\u2019\u00e9v\u00e9nements sp\u00e9cifiques, tels que :<br \/><br \/>\n<ul>\n<li>R\u00e9vision des proc\u00e9dures de contr\u00f4le interne,<\/li>\n<li>R\u00e9vision avant prise de participation,<\/li>\n<li>R\u00e9vision pr\u00e9alable \u00e0 l&rsquo;introduction en bourse des titres d&rsquo;une soci\u00e9t\u00e9<strong>,<br \/>&#8211; Audits:\u00a0<\/strong><\/li>\n<\/ul>\n<ul style=\"list-style-type: circle;\">\n<li>\u00a0 \u00a0<span style=\"font-family: inherit; font-size: inherit; font-weight: inherit; font-style: inherit;\">De la diligence dans les op\u00e9rations d\u2019acquisition de soci\u00e9t\u00e9s,<\/span><\/li>\n<li>\u00a0 \u00a0Audit contractuel :<\/li>\n<\/ul>\n<strong>\u00a0 \u00a0 \u00a0 \u00a0 \u00a0&#8211;&gt;<\/strong> <span style=\"font-family: inherit; font-size: inherit; font-weight: inherit; font-style: inherit;\">secteur des Programmes et des ONG internationales financ\u00e9s par la <\/span><br \/><span style=\"font-family: inherit; font-size: inherit; font-weight: inherit; font-style: inherit;\">Banque Mondiale, la Banque Africaine de D\u00e9veloppement, le Fonds <\/span><br \/><span style=\"font-family: inherit; font-size: inherit; font-weight: inherit; font-style: inherit;\">Mondial, le PNUD, l\u2019ACBF, la Banque Islamique de D\u00e9veloppement, <\/span><br \/><span style=\"font-family: inherit; font-size: inherit; font-weight: inherit; font-style: inherit;\">l\u2019USAID, l\u2019Union Europ\u00e9enne, l\u2019ACDI\u2026<\/span><br \/><strong>\u00a0 \u00a0 \u00a0 \u00a0&#8211;&gt; <\/strong><span style=\"font-family: inherit; font-size: inherit; font-weight: inherit; font-style: inherit;\">secteur des assurances,<\/span><br \/><strong>\u00a0 \u00a0 \u00a0 \u00a0&#8211;&gt;<\/strong> <span style=\"font-family: inherit; font-size: inherit; font-weight: inherit; font-style: inherit;\">secteur des banques commerciales et des banques centrales,<\/span><br \/><strong>\u00a0 \u00a0 \u00a0 &#8211;&gt; <\/strong><span style=\"font-family: inherit; font-size: inherit; font-weight: inherit; font-style: inherit;\">secteur des institutions de micro finance,<\/span><\/td>\n<td style=\"height: 421px; width: 0px;\">\u00a0<\/td>\n<\/tr>\n<tr style=\"height: 23px;\">\n<td style=\"height: 23px; width: 1113.61px;\">\u00a0<\/td>\n<td style=\"height: 23px; width: 0px;\">\u00a0<\/td>\n<\/tr>\n<tr style=\"height: 233px;\">\n<td style=\"height: 233px; width: 1113.61px;\">\u00a0<\/td>\n<td style=\"height: 233px; width: 0px;\">\u00a0<\/td>\n<\/tr>\n<tr style=\"height: 23px;\">\n<td style=\"height: 23px; width: 1113.61px;\">\u00a0<\/td>\n<td style=\"height: 23px; width: 0px;\">\u00a0<\/td>\n<\/tr>\n<\/tbody>\n<\/table>\n<\/figure>\n","protected":false},"excerpt":{"rendered":"<p>AUDIT EXTERNE \u00a0 Le pilotage d\u2019une entreprise n\u00e9cessite de s\u2019appuyer sur des donn\u00e9es financi\u00e8res fiables. Cependant, plusieurs types d\u2019audits peuvent \u00eatre men\u00e9s pour contr\u00f4ler la comptabilit\u00e9 de votre soci\u00e9t\u00e9. ABX SARL, votre cabinet d\u2019expertise et de conseil, vous propose ses services en mati\u00e8re d\u2019audit l\u00e9gal et d\u2019audit contractuel. \u00a0 AUDIT LEGAL \u00a0 La r\u00e9alisation d\u2019un [&hellip;]<\/p>\n","protected":false},"author":1,"featured_media":0,"parent":0,"menu_order":0,"comment_status":"closed","ping_status":"closed","template":"","meta":{"footnotes":""},"class_list":["post-112","page","type-page","status-publish","hentry"],"yoast_head":"<!-- This site is optimized with the Yoast SEO plugin v25.3 - https:\/\/yoast.com\/wordpress\/plugins\/seo\/ -->\n<title>Audit - abx, cabinet d&#039;expertise comptalbe<\/title>\n<meta name=\"robots\" content=\"index, follow, max-snippet:-1, max-image-preview:large, max-video-preview:-1\" \/>\n<link rel=\"canonical\" href=\"https:\/\/abx.sn\/index.php\/audit\/\" \/>\n<meta property=\"og:locale\" content=\"fr_FR\" \/>\n<meta property=\"og:type\" content=\"article\" \/>\n<meta property=\"og:title\" content=\"Audit - abx, cabinet d&#039;expertise comptalbe\" \/>\n<meta property=\"og:description\" content=\"AUDIT EXTERNE \u00a0 Le pilotage d\u2019une entreprise n\u00e9cessite de s\u2019appuyer sur des donn\u00e9es financi\u00e8res fiables. Cependant, plusieurs types d\u2019audits peuvent \u00eatre men\u00e9s pour contr\u00f4ler la comptabilit\u00e9 de votre soci\u00e9t\u00e9. ABX SARL, votre cabinet d\u2019expertise et de conseil, vous propose ses services en mati\u00e8re d\u2019audit l\u00e9gal et d\u2019audit contractuel. \u00a0 AUDIT LEGAL \u00a0 La r\u00e9alisation d\u2019un [&hellip;]\" \/>\n<meta property=\"og:url\" content=\"https:\/\/abx.sn\/index.php\/audit\/\" \/>\n<meta property=\"og:site_name\" content=\"abx, cabinet d&#039;expertise comptalbe\" \/>\n<meta property=\"article:modified_time\" content=\"2025-07-02T13:48:32+00:00\" \/>\n<meta name=\"twitter:card\" content=\"summary_large_image\" \/>\n<meta name=\"twitter:label1\" content=\"Dur\u00e9e de lecture estim\u00e9e\" \/>\n\t<meta name=\"twitter:data1\" content=\"2 minutes\" \/>\n<script type=\"application\/ld+json\" class=\"yoast-schema-graph\">{\"@context\":\"https:\/\/schema.org\",\"@graph\":[{\"@type\":\"WebPage\",\"@id\":\"https:\/\/abx.sn\/index.php\/audit\/\",\"url\":\"https:\/\/abx.sn\/index.php\/audit\/\",\"name\":\"Audit - abx, cabinet d&#039;expertise comptalbe\",\"isPartOf\":{\"@id\":\"https:\/\/abx.sn\/#website\"},\"datePublished\":\"2025-06-13T12:49:38+00:00\",\"dateModified\":\"2025-07-02T13:48:32+00:00\",\"breadcrumb\":{\"@id\":\"https:\/\/abx.sn\/index.php\/audit\/#breadcrumb\"},\"inLanguage\":\"fr-FR\",\"potentialAction\":[{\"@type\":\"ReadAction\",\"target\":[\"https:\/\/abx.sn\/index.php\/audit\/\"]}]},{\"@type\":\"BreadcrumbList\",\"@id\":\"https:\/\/abx.sn\/index.php\/audit\/#breadcrumb\",\"itemListElement\":[{\"@type\":\"ListItem\",\"position\":1,\"name\":\"Accueil\",\"item\":\"https:\/\/abx.sn\/\"},{\"@type\":\"ListItem\",\"position\":2,\"name\":\"Audit\"}]},{\"@type\":\"WebSite\",\"@id\":\"https:\/\/abx.sn\/#website\",\"url\":\"https:\/\/abx.sn\/\",\"name\":\"abx, cabinet d&#039;expertise comptalbe\",\"description\":\"\",\"publisher\":{\"@id\":\"https:\/\/abx.sn\/#organization\"},\"potentialAction\":[{\"@type\":\"SearchAction\",\"target\":{\"@type\":\"EntryPoint\",\"urlTemplate\":\"https:\/\/abx.sn\/?s={search_term_string}\"},\"query-input\":{\"@type\":\"PropertyValueSpecification\",\"valueRequired\":true,\"valueName\":\"search_term_string\"}}],\"inLanguage\":\"fr-FR\"},{\"@type\":\"Organization\",\"@id\":\"https:\/\/abx.sn\/#organization\",\"name\":\"abx, cabinet d&#039;expertise comptalbe\",\"url\":\"https:\/\/abx.sn\/\",\"logo\":{\"@type\":\"ImageObject\",\"inLanguage\":\"fr-FR\",\"@id\":\"https:\/\/abx.sn\/#\/schema\/logo\/image\/\",\"url\":\"https:\/\/abx.sn\/wp-content\/uploads\/2025\/06\/abx_logo-2.png\",\"contentUrl\":\"https:\/\/abx.sn\/wp-content\/uploads\/2025\/06\/abx_logo-2.png\",\"width\":458,\"height\":256,\"caption\":\"abx, cabinet d&#039;expertise comptalbe\"},\"image\":{\"@id\":\"https:\/\/abx.sn\/#\/schema\/logo\/image\/\"}}]}<\/script>\n<!-- \/ Yoast SEO plugin. -->","yoast_head_json":{"title":"Audit - abx, cabinet d&#039;expertise comptalbe","robots":{"index":"index","follow":"follow","max-snippet":"max-snippet:-1","max-image-preview":"max-image-preview:large","max-video-preview":"max-video-preview:-1"},"canonical":"https:\/\/abx.sn\/index.php\/audit\/","og_locale":"fr_FR","og_type":"article","og_title":"Audit - abx, cabinet d&#039;expertise comptalbe","og_description":"AUDIT EXTERNE \u00a0 Le pilotage d\u2019une entreprise n\u00e9cessite de s\u2019appuyer sur des donn\u00e9es financi\u00e8res fiables. Cependant, plusieurs types d\u2019audits peuvent \u00eatre men\u00e9s pour contr\u00f4ler la comptabilit\u00e9 de votre soci\u00e9t\u00e9. ABX SARL, votre cabinet d\u2019expertise et de conseil, vous propose ses services en mati\u00e8re d\u2019audit l\u00e9gal et d\u2019audit contractuel. \u00a0 AUDIT LEGAL \u00a0 La r\u00e9alisation d\u2019un [&hellip;]","og_url":"https:\/\/abx.sn\/index.php\/audit\/","og_site_name":"abx, cabinet d&#039;expertise comptalbe","article_modified_time":"2025-07-02T13:48:32+00:00","twitter_card":"summary_large_image","twitter_misc":{"Dur\u00e9e de lecture estim\u00e9e":"2 minutes"},"schema":{"@context":"https:\/\/schema.org","@graph":[{"@type":"WebPage","@id":"https:\/\/abx.sn\/index.php\/audit\/","url":"https:\/\/abx.sn\/index.php\/audit\/","name":"Audit - abx, cabinet d&#039;expertise comptalbe","isPartOf":{"@id":"https:\/\/abx.sn\/#website"},"datePublished":"2025-06-13T12:49:38+00:00","dateModified":"2025-07-02T13:48:32+00:00","breadcrumb":{"@id":"https:\/\/abx.sn\/index.php\/audit\/#breadcrumb"},"inLanguage":"fr-FR","potentialAction":[{"@type":"ReadAction","target":["https:\/\/abx.sn\/index.php\/audit\/"]}]},{"@type":"BreadcrumbList","@id":"https:\/\/abx.sn\/index.php\/audit\/#breadcrumb","itemListElement":[{"@type":"ListItem","position":1,"name":"Accueil","item":"https:\/\/abx.sn\/"},{"@type":"ListItem","position":2,"name":"Audit"}]},{"@type":"WebSite","@id":"https:\/\/abx.sn\/#website","url":"https:\/\/abx.sn\/","name":"abx, cabinet d&#039;expertise comptalbe","description":"","publisher":{"@id":"https:\/\/abx.sn\/#organization"},"potentialAction":[{"@type":"SearchAction","target":{"@type":"EntryPoint","urlTemplate":"https:\/\/abx.sn\/?s={search_term_string}"},"query-input":{"@type":"PropertyValueSpecification","valueRequired":true,"valueName":"search_term_string"}}],"inLanguage":"fr-FR"},{"@type":"Organization","@id":"https:\/\/abx.sn\/#organization","name":"abx, cabinet d&#039;expertise comptalbe","url":"https:\/\/abx.sn\/","logo":{"@type":"ImageObject","inLanguage":"fr-FR","@id":"https:\/\/abx.sn\/#\/schema\/logo\/image\/","url":"https:\/\/abx.sn\/wp-content\/uploads\/2025\/06\/abx_logo-2.png","contentUrl":"https:\/\/abx.sn\/wp-content\/uploads\/2025\/06\/abx_logo-2.png","width":458,"height":256,"caption":"abx, cabinet d&#039;expertise comptalbe"},"image":{"@id":"https:\/\/abx.sn\/#\/schema\/logo\/image\/"}}]}},"jetpack_sharing_enabled":true,"_links":{"self":[{"href":"https:\/\/abx.sn\/index.php\/wp-json\/wp\/v2\/pages\/112","targetHints":{"allow":["GET"]}}],"collection":[{"href":"https:\/\/abx.sn\/index.php\/wp-json\/wp\/v2\/pages"}],"about":[{"href":"https:\/\/abx.sn\/index.php\/wp-json\/wp\/v2\/types\/page"}],"author":[{"embeddable":true,"href":"https:\/\/abx.sn\/index.php\/wp-json\/wp\/v2\/users\/1"}],"replies":[{"embeddable":true,"href":"https:\/\/abx.sn\/index.php\/wp-json\/wp\/v2\/comments?post=112"}],"version-history":[{"count":16,"href":"https:\/\/abx.sn\/index.php\/wp-json\/wp\/v2\/pages\/112\/revisions"}],"predecessor-version":[{"id":521,"href":"https:\/\/abx.sn\/index.php\/wp-json\/wp\/v2\/pages\/112\/revisions\/521"}],"wp:attachment":[{"href":"https:\/\/abx.sn\/index.php\/wp-json\/wp\/v2\/media?parent=112"}],"curies":[{"name":"wp","href":"https:\/\/api.w.org\/{rel}","templated":true}]}}